mber?
True
Is 2274407 composite?
False
Is 3380035 composite?
True
Is 270410659 prime?
True
Is 2830603 prime?
False
Is 135833 composite?
True
Is 31646081 composite?
True
Is 115658 a composite number?
True
Is 1117693 a prime number?
False
Is 23589323 prime?
False
Is 1602109 composite?
True
Is 33252551 a prime number?
True
Is 5737803 composite?
True
Is 1810379 composite?
True
Is 22641677 prime?
True
Is 38315245 composite?
True
Is 8015197 a prime number?
False
Is 33883933 a composite number?
False
Is 14602219 a composite number?
False
Is 353944427 a prime number?
True
Is 376910737 a composite number?
True
Is 3894271 prime?
False
Is 26093611 prime?
False
Is 1174879 composite?
False
Is 69649031 prime?
True
Is 6039781 composite?
True
Is 4743133 a prime number?
True
Is 924997 a composite number?
False
Is 167510711 a prime number?
True
Is 16024759 prime?
True
Is 1057649 a prime number?
False
Is 252227509 a composite number?
True
Is 61341569 prime?
False
Is 13900427 a composite number?
True
Is 105591757 prime?
True
Is 68153993 a composite number?
False
Is 28467329 a composite number?
True
Is 40774117 prime?
False
Is 11099639 prime?
False
Is 6571633 composite?
False
Is 7272157 a prime number?
False
Is 472313 a prime number?
False
Is 11767013 a prime number?
True
Is 16404197 a prime number?
True
Is 21757091 composite?
False
Is 1021961 a prime number?
True
Is 51946459 a prime number?
True
Is 82133 a prime number?
False
Is 39819799 a composite number?
False
Is 635111149 composite?
False
Is 95416877 a prime number?
True
Is 10472569 a composite number?
True
Is 6470467 composite?
False
Is 2123413 composite?
True
Is 237789001 prime?
False
Is 8828579 a prime number?
False
Is 818527 prime?
False
Is 31303 prime?
False
Is 204469 prime?
False
Is 4990991 a composite number?
True
Is 5818949 prime?
True
Is 9620797 prime?
True
Is 332980931 composite?
False
Is 752796827 a prime number?
False
Is 157392539 a composite number?
False
Is 846323 composite?
False
Is 78074105 prime?
False
Is 963467 a composite number?
True
Is 1210803439 prime?
True
Is 651430987 prime?
True
Is 389751 a prime number?
False
Is 7950541 composite?
False
Is 704603 prime?
True
Is 229576609 a composite number?
True
Is 1439210567 a composite number?
False
Is 29317843 a composite number?
True
Is 6096869 prime?
False
Is 339606173 a prime number?
True
Is 9915467 a prime number?
True
Is 21929251 prime?
False
Is 8007533 composite?
True
Is 70248569 a prime number?
True
Is 4490179 a composite number?
False
Is 95771021 prime?
False
Is 29223371 composite?
False
Is 28506131 a prime number?
False
Is 2792617 a prime number?
True
Is 756298 composite?
True
Is 46060511 composite?
True
Is 1817029 a composite number?
True
Is 11657449 a prime number?
False
Is 950317 a composite number?
True
Is 14043269 a prime number?
True
Is 327500827 composite?
False
Is 3527129 prime?
True
Is 108751 composite?
False
Is 313765 a composite number?
True
Is 1120303 composite?
False
Is 10047907 composite?
False
Is 29098783 prime?
False
Is 125996327 a prime number?
False
Is 1841101 prime?
False
Is 235272283 a prime number?
False
Is 87463 a composite number?
True
Is 26310061 a composite number?
False
Is 57904523 prime?
False
Is 102976933 prime?
False
Is 485245633 a composite number?
False
Is 19498933 composite?
True
Is 130030377 composite?
True
Is 880679 composite?
True
Is 3748223 prime?
False
Is 28362217 prime?
False
Is 3563467 prime?
True
Is 27603755 a composite number?
True
Is 8367721 composite?
True
Is 4782031 prime?
False
Is 277774009 prime?
True
Is 8066861 prime?
False
Is 11256559 prime?
False
Is 8109617 composite?
False
Is 22855801 a composite number?
False
Is 21283529 a composite number?
True
Is 14136289 prime?
True
Is 1566731 a composite number?
False
Is 63710443 prime?
False
Is 84451897 prime?
False
Is 223423007 prime?
False
Is 12833833 a composite number?
True
Is 27655337 composite?
True
Is 2490403 composite?
True
Is 71963 composite?
False
Is 10327 a prime number?
False
Is 3992201 a composite number?
False
Is 15151853 a composite number?
True
Is 35328043 a composite number?
True
Is 1360705 a prime number?
False
Is 6409849 prime?
True
Is 53172313 a prime number?
True
Is 27086509 prime?
False
Is 13268491 prime?
True
Is 7901833 a composite number?
True
Is 195205381 a composite number?
True
Is 19229443 composite?
False
Is 874919 prime?
True
Is 688874701 prime?
True
Is 215220531 a composite number?
True
Is 814823773 a composite number?
False
Is 14947826 prime?
False
Is 79712093 a composite number?
False
Is 1447169 a composite number?
False
Is 18272393 a prime number?
True
Is 494633 composite?
True
Is 1103699 prime?
True
Is 16721389 prime?
False
Is 687959 a prime number?
False
Is 4677887 a prime number?
False
Is 29960243 a prime number?
False
Is 431331191 a composite number?
True
Is 17083709 composite?
False
Is 2187733 composite?
True
Is 851651 a composite number?
True
Is 129263759 a prime number?
False
Is 2453861 a composite number?
False
Is 15771029 a composite number?
True
Is 178681 a composite number?
False
Is 21735431 a prime number?
True
Is 34130771 a prime number?
True
Is 64254959 prime?
True
Is 9192193 composite?
True
Is 11491723 composite?
True
Is 888401 composite?
True
Is 2166331 composite?
True
Is 327585571 a prime number?
True
Is 2154737 a prime number?
False
Is 321353 composite?
True
Is 1926137 composite?
True
Is 34690655 a composite number?
True
Is 28980449 prime?
True
Is 98271437 composite?
True
Is 24131399 a prime number?
True
Is 16368169 composite?
False
Is 5910357 composite?
True
Is 86819305 a prime number?
False
Is 9083731 composite?
True
Is 300389 prime?
False
Is 60366077 composite?
False
Is 1443257 a prime number?
True
Is 38705753 composite?
True
Is 4374401 a composite number?
False
Is 32824343 a composite number?
True
Is 988913 prime?
False
Is 5255729 prime?
False
Is 165029 a composite number?
True
Is 5658265 a composite number?
True
Is 9263561 prime?
False
Is 770676323 composite?
False
Is 710189 a prime number?
True
Is 32162419 a prime number?
False
Is 16678621 a prime number?
True
Is 2689439 a composite number?
False
Is 397147 prime?
False
Is 5219831 composite?
True
Is 6207303 composite?
True
Is 35947459 a composite number?
True
Is 48746359 prime?
True
Is 397185001 a prime number?
True
Is 218622587 a prime number?
True
Is 624181 a prime number?
False
Is 4665391 a composite number?
True
Is 50174417 a composite number?
False
Is 12596963 composite?
True
Is 567029 composite?
True
Is 30963791 a composite number?
False
Is 464626751 composite?
True
Is 2824381 prime?
False
Is 4562791 prime?
True
Is 1438271 a prime number?
True
Is 42331711 a composite number?
False
Is 2133749 composite?
True
Is 772737911 prime?
False
Is 3209641 composite?
False
Is 5574551 a prime number?
True
Is 29480953 prime?
True
Is 40032257 prime?
False
Is 9450739 a composite number?
True
Is 5242463 a composite number?
True
Is 33916117 a composite number?
False
Is 28009181 composite?
False
Is 16001821 a composite number?
True
Is 17982083 prime?
False
Is 16533502 prime?
False
Is 11859113 prime?
False
Is 6658529 prime?
False
Is 31070311 composite?
True
Is 2005007 a prime number?
False
Is 18516559 a prime number?
True
Is 3475073 a prime number?
False
Is 201981007 a prime number?
True
Is 74630947 prime?
False
Is 6532739 prime?
True
Is 46237809 composite?
True
Is 23041807 a prime number?
False
Is 12578201 composite?
False
Is 6053263 a composite number?
False
Is 22035107 prime?
False
Is 3020021 composite?
False
Is 31825273 a prime number?
True
Is 224239643 prime?
False
Is 1925797 a composite number?
True
Is 3366271 composite?
False
Is 915049 a prime number?
True
Is 3285599 composite?
True
Is 81401 composite?
False
Is 43215323 a composite number?
False
Is 4083251 prime?
True
Is 2855729 composite?
False
Is 6357691 prime?
True
Is 300623 prime?
True
Is 3424277 composite?
True
Is 4686113 a prime number?
True
Is 280135291 a composite number?
False
Is 825395 a prime number?
False
Is 555935 a prime number?
False
Is 14506427 composite?
True
Is 140131183 a prime number?
False
Is 82735199 composite?
True
Is 691801783 prime?
False
Is 15307031 a prime number?
False
Is 709271 a composite number?
False
Is 66982013 composite?
True
Is 75677599 a prime number?
True
Is 566